{"id":20,"date":"2024-11-26T04:13:36","date_gmt":"2024-11-26T04:13:36","guid":{"rendered":"https:\/\/pl-gr-business-gala.gr\/?page_id=20"},"modified":"2024-11-27T07:22:43","modified_gmt":"2024-11-27T07:22:43","slug":"nominacje","status":"publish","type":"page","link":"https:\/\/pl-gr-business-gala.gr\/?page_id=20","title":{"rendered":"Nominacje"},"content":{"rendered":"\t\t<div data-elementor-type=\"wp-page\" data-elementor-id=\"20\" class=\"elementor elementor-20\">\n\t\t\t\t<div class=\"elementor-element elementor-element-194e8b5 e-grid e-con-boxed e-con e-parent\" data-id=\"194e8b5\" data-element_type=\"container\">\n\t\t\t\t\t<div class=\"e-con-inner\">\n\t\t\t\t<div class=\"elementor-element elementor-element-acb11dc elementor-widget elementor-widget-heading\" data-id=\"acb11dc\" data-element_type=\"widget\" data-widget_type=\"heading.default\">\n\t\t\t\t<div class=\"elementor-widget-container\">\n\t\t\t<h2 class=\"elementor-heading-title elementor-size-default\">Sta\u0142a Obecno\u015b\u0107 Polskiej Firmy na Rynku Greckim - Firma najd\u0142u\u017cej utrzymuj\u0105ca si\u0119 na rynku<\/h2>\t\t<\/div>\n\t\t\t\t<\/div>\n\t\t\t\t<div class=\"elementor-element elementor-element-17024a0 elementor-widget elementor-widget-text-editor\" data-id=\"17024a0\" data-element_type=\"widget\" data-widget_type=\"text-editor.default\">\n\t\t\t\t<div class=\"elementor-widget-container\">\n\t\t\t\t\t\t\t<p>Wyr\u00f3\u017cnienie w tej kategorii przyznawane jest polskiej firmie, kt\u00f3ra wykaza\u0142a si\u0119 trwa\u0142o\u015bci\u0105 i d\u0142ugowieczno\u015bci\u0105 swojej obecno\u015bci na rynku greckim. Firma ta nie tylko zdo\u0142a\u0142a przetrwa\u0107 w trudnych warunkach rynkowych, ale tak\u017ce zyska\u0142a stabilno\u015b\u0107 i zaufanie lokalnych klient\u00f3w, b\u0119d\u0105c ambasadorem polskiej gospodarki w Grecji.<\/p>\t\t\t\t\t\t<\/div>\n\t\t\t\t<\/div>\n\t\t\t\t<div class=\"elementor-element elementor-element-1b9c6d5 elementor-widget elementor-widget-heading\" data-id=\"1b9c6d5\" data-element_type=\"widget\" data-widget_type=\"heading.default\">\n\t\t\t\t<div class=\"elementor-widget-container\">\n\t\t\t<h2 class=\"elementor-heading-title elementor-size-default\">Biura Podr\u00f3\u017cy \u2013 Agencje Turystyczne Wyr\u00f3\u017cniaj\u0105ce si\u0119 Profesjonalizmem i Indywidualnym Podej\u015bciem do Klient\u00f3w (firma polska w Grecji, firma grecka\u00a0w Polsce)<\/h2>\t\t<\/div>\n\t\t\t\t<\/div>\n\t\t\t\t\t<\/div>\n\t\t\t\t<\/div>\n\t\t<div class=\"elementor-element elementor-element-418149f e-grid e-con-boxed e-con e-parent\" data-id=\"418149f\" data-element_type=\"container\">\n\t\t\t\t\t<div class=\"e-con-inner\">\n\t\t\t\t<div class=\"elementor-element elementor-element-d6c8027 elementor-widget elementor-widget-text-editor\" data-id=\"d6c8027\" data-element_type=\"widget\" data-widget_type=\"text-editor.default\">\n\t\t\t\t<div class=\"elementor-widget-container\">\n\t\t\t\t\t\t\t<p>Nagroda przyznawana jest biurom podr\u00f3\u017cy i agencjom turystycznym, kt\u00f3re organizuj\u0105 kompleksowe i unikatowe wyjazdy mi\u0119dzy Polsk\u0105 a Grecj\u0105. Wyr\u00f3\u017cnione firmy musz\u0105 oferowa\u0107 klientom wyj\u0105tkowe do\u015bwiadczenia turystyczne, charakteryzuj\u0105c si\u0119 elastyczno\u015bci\u0105, dba\u0142o\u015bci\u0105 o szczeg\u00f3\u0142y i zrozumieniem potrzeb klient\u00f3w.<\/p>\t\t\t\t\t\t<\/div>\n\t\t\t\t<\/div>\n\t\t\t\t<div class=\"elementor-element elementor-element-8ef6c8b elementor-widget elementor-widget-heading\" data-id=\"8ef6c8b\" data-element_type=\"widget\" data-widget_type=\"heading.default\">\n\t\t\t\t<div class=\"elementor-widget-container\">\n\t\t\t<h2 class=\"elementor-heading-title elementor-size-default\">Eksporter Roku 2023 Grecja - Polska<\/h2>\t\t<\/div>\n\t\t\t\t<\/div>\n\t\t\t\t<div class=\"elementor-element elementor-element-97f3e4b elementor-widget elementor-widget-text-editor\" data-id=\"97f3e4b\" data-element_type=\"widget\" data-widget_type=\"text-editor.default\">\n\t\t\t\t<div class=\"elementor-widget-container\">\n\t\t\t\t\t\t\t<p>Ta kategoria wyr\u00f3\u017cnia greckie firmy, kt\u00f3re z sukcesem eksportuj\u0105 swoje produkty do Polski, wspieraj\u0105c rozw\u00f3j handlu mi\u0119dzy krajami oraz promuj\u0105c greckie towary na polskim rynku.<\/p>\t\t\t\t\t\t<\/div>\n\t\t\t\t<\/div>\n\t\t\t\t\t<\/div>\n\t\t\t\t<\/div>\n\t\t<div class=\"elementor-element elementor-element-5f60f91 e-grid e-con-boxed e-con e-parent\" data-id=\"5f60f91\" data-element_type=\"container\">\n\t\t\t\t\t<div class=\"e-con-inner\">\n\t\t\t\t<div class=\"elementor-element elementor-element-5d1b090 elementor-widget elementor-widget-heading\" data-id=\"5d1b090\" data-element_type=\"widget\" data-widget_type=\"heading.default\">\n\t\t\t\t<div class=\"elementor-widget-container\">\n\t\t\t<h2 class=\"elementor-heading-title elementor-size-default\">Eksporter Roku 2023 Polska - Grecja<\/h2>\t\t<\/div>\n\t\t\t\t<\/div>\n\t\t\t\t<div class=\"elementor-element elementor-element-b376dfb elementor-widget elementor-widget-text-editor\" data-id=\"b376dfb\" data-element_type=\"widget\" data-widget_type=\"text-editor.default\">\n\t\t\t\t<div class=\"elementor-widget-container\">\n\t\t\t\t\t\t\t<p>W tej kategorii nagradzane s\u0105 polskie firmy eksportuj\u0105ce swoje produkty do Grecji, przyczyniaj\u0105ce si\u0119 do promocji polskiej gospodarki na greckim rynku i rozwijaj\u0105ce relacje handlowe.<\/p>\t\t\t\t\t\t<\/div>\n\t\t\t\t<\/div>\n\t\t\t\t\t<\/div>\n\t\t\t\t<\/div>\n\t\t<div class=\"elementor-element elementor-element-e9799c9 e-grid e-con-boxed e-con e-parent\" data-id=\"e9799c9\" data-element_type=\"container\">\n\t\t\t\t\t<div class=\"e-con-inner\">\n\t\t\t\t<div class=\"elementor-element elementor-element-c252ba8 elementor-widget elementor-widget-heading\" data-id=\"c252ba8\" data-element_type=\"widget\" data-widget_type=\"heading.default\">\n\t\t\t\t<div class=\"elementor-widget-container\">\n\t\t\t<h2 class=\"elementor-heading-title elementor-size-default\">Przedsi\u0119biorczo\u015b\u0107 Kobieca<\/h2>\t\t<\/div>\n\t\t\t\t<\/div>\n\t\t\t\t<div class=\"elementor-element elementor-element-273c778 elementor-widget elementor-widget-text-editor\" data-id=\"273c778\" data-element_type=\"widget\" data-widget_type=\"text-editor.default\">\n\t\t\t\t<div class=\"elementor-widget-container\">\n\t\t\t\t\t\t\t<p>Ta kategoria wyr\u00f3\u017cnia kobiety, kt\u00f3re swoj\u0105 przedsi\u0119biorczo\u015bci\u0105 i innowacyjnym podej\u015bciem przyczyniaj\u0105 si\u0119 do rozwoju rynku polsko-greckiego. Kandydatki charakteryzuj\u0105 si\u0119 silnym przyw\u00f3dztwem, umiej\u0119tno\u015bci\u0105 budowania relacji biznesowych oraz tworzeniem nowych mo\u017cliwo\u015bci w obszarze handlu i inwestycji mi\u0119dzy Polsk\u0105 a Grecj\u0105.<\/p>\t\t\t\t\t\t<\/div>\n\t\t\t\t<\/div>\n\t\t\t\t\t<\/div>\n\t\t\t\t<\/div>\n\t\t<div class=\"elementor-element elementor-element-4fefdb1 e-grid e-con-boxed e-con e-parent\" data-id=\"4fefdb1\" data-element_type=\"container\">\n\t\t\t\t\t<div class=\"e-con-inner\">\n\t\t\t\t<div class=\"elementor-element elementor-element-3d30acf elementor-widget elementor-widget-heading\" data-id=\"3d30acf\" data-element_type=\"widget\" data-widget_type=\"heading.default\">\n\t\t\t\t<div class=\"elementor-widget-container\">\n\t\t\t<h2 class=\"elementor-heading-title elementor-size-default\">Wymiana Handlowa<\/h2>\t\t<\/div>\n\t\t\t\t<\/div>\n\t\t\t\t<div class=\"elementor-element elementor-element-f868a8f elementor-widget elementor-widget-text-editor\" data-id=\"f868a8f\" data-element_type=\"widget\" data-widget_type=\"text-editor.default\">\n\t\t\t\t<div class=\"elementor-widget-container\">\n\t\t\t\t\t\t\t<p>Nagroda ta przyznawana jest firmom, osobom lub organizacjom, kt\u00f3re w istotny spos\u00f3b przyczyni\u0142y si\u0119 do zwi\u0119kszenia wymiany handlowej mi\u0119dzy Polsk\u0105 a Grecj\u0105, tworz\u0105c dynamiczne po\u0142\u0105czenia handlowe oraz wspieraj\u0105c rozw\u00f3j gospodarczy obu kraj\u00f3w.<\/p>\t\t\t\t\t\t<\/div>\n\t\t\t\t<\/div>\n\t\t\t\t\t<\/div>\n\t\t\t\t<\/div>\n\t\t<div class=\"elementor-element elementor-element-e9ec3ce e-grid e-con-boxed e-con e-parent\" data-id=\"e9ec3ce\" data-element_type=\"container\">\n\t\t\t\t\t<div class=\"e-con-inner\">\n\t\t\t\t<div class=\"elementor-element elementor-element-5f166ce elementor-widget elementor-widget-heading\" data-id=\"5f166ce\" data-element_type=\"widget\" data-widget_type=\"heading.default\">\n\t\t\t\t<div class=\"elementor-widget-container\">\n\t\t\t<h2 class=\"elementor-heading-title elementor-size-default\">Osobowo\u015b\u0107 Polonijna<\/h2>\t\t<\/div>\n\t\t\t\t<\/div>\n\t\t\t\t<div class=\"elementor-element elementor-element-c0ce29c elementor-widget elementor-widget-text-editor\" data-id=\"c0ce29c\" data-element_type=\"widget\" data-widget_type=\"text-editor.default\">\n\t\t\t\t<div class=\"elementor-widget-container\">\n\t\t\t\t\t\t\t<p>Kategoria ta honoruje osoby lub organizacje, kt\u00f3re dzi\u0119ki swojej dzia\u0142alno\u015bci zawodowej, kulturalnej lub spo\u0142ecznej wywar\u0142y istotny wp\u0142yw na \u017cycie polonijnej spo\u0142eczno\u015bci w Grecji. Nominowane osoby to liderzy, kt\u00f3rzy anga\u017cuj\u0105 si\u0119 w promowanie polskiej kultury, integracj\u0119 oraz wspieranie polsko-greckich relacji.<\/p>\t\t\t\t\t\t<\/div>\n\t\t\t\t<\/div>\n\t\t\t\t\t<\/div>\n\t\t\t\t<\/div>\n\t\t<div class=\"elementor-element elementor-element-c07fa8f e-grid e-con-boxed e-con e-parent\" data-id=\"c07fa8f\" data-element_type=\"container\">\n\t\t\t\t\t<div class=\"e-con-inner\">\n\t\t\t\t<div class=\"elementor-element elementor-element-3be94de elementor-widget elementor-widget-heading\" data-id=\"3be94de\" data-element_type=\"widget\" data-widget_type=\"heading.default\">\n\t\t\t\t<div class=\"elementor-widget-container\">\n\t\t\t<h2 class=\"elementor-heading-title elementor-size-default\">Dzia\u0142alno\u015b\u0107 Promocyjna (Blogi, Vlogi, Strony Internetowe)<\/h2>\t\t<\/div>\n\t\t\t\t<\/div>\n\t\t\t\t<div class=\"elementor-element elementor-element-2b30671 elementor-widget elementor-widget-text-editor\" data-id=\"2b30671\" data-element_type=\"widget\" data-widget_type=\"text-editor.default\">\n\t\t\t\t<div class=\"elementor-widget-container\">\n\t\t\t\t\t\t\t<p>Kategoria ta honoruje osoby lub grupy, kt\u00f3re poprzez blogi, vlogi czy inne media promuj\u0105 polsk\u0105 i greck\u0105 kultur\u0119, turystyk\u0119 lub biznes w Polsce oraz Grecji. Nominowani musz\u0105 charakteryzowa\u0107 si\u0119 innowacyjnym podej\u015bciem i umiej\u0119tno\u015bci\u0105 przyci\u0105gania szerokiego grona odbiorc\u00f3w, wspieraj\u0105c rozw\u00f3j relacji mi\u0119dzy krajami.<\/p>\t\t\t\t\t\t<\/div>\n\t\t\t\t<\/div>\n\t\t\t\t\t<\/div>\n\t\t\t\t<\/div>\n\t\t<div class=\"elementor-element elementor-element-2c586b5 e-grid e-con-boxed e-con e-parent\" data-id=\"2c586b5\" data-element_type=\"container\">\n\t\t\t\t\t<div class=\"e-con-inner\">\n\t\t\t\t\t<\/div>\n\t\t\t\t<\/div>\n\t\t\t\t<\/div>\n\t\t","protected":false},"excerpt":{"rendered":"<p>Sta\u0142a Obecno\u015b\u0107 Polskiej Firmy na Rynku Greckim &#8211; Firma najd\u0142u\u017cej utrzymuj\u0105ca si\u0119 na rynku Wyr\u00f3\u017cnienie w tej kategorii przyznawane jest polskiej firmie, kt\u00f3ra wykaza\u0142a si\u0119 trwa\u0142o\u015bci\u0105 i d\u0142ugowieczno\u015bci\u0105 swojej obecno\u015bci na rynku greckim. Firma ta nie tylko zdo\u0142a\u0142a przetrwa\u0107 w trudnych warunkach rynkowych, ale tak\u017ce zyska\u0142a stabilno\u015b\u0107 i zaufanie lokalnych klient\u00f3w, b\u0119d\u0105c ambasadorem polskiej gospodarki [&hellip;]<\/p>\n","protected":false},"author":1,"featured_media":0,"parent":0,"menu_order":0,"comment_status":"closed","ping_status":"closed","template":"","meta":{"_monsterinsights_skip_tracking":false,"_monsterinsights_sitenote_active":false,"_monsterinsights_sitenote_note":"","_monsterinsights_sitenote_category":0,"footnotes":""},"class_list":["post-20","page","type-page","status-publish","hentry"],"_links":{"self":[{"href":"https:\/\/pl-gr-business-gala.gr\/index.php?rest_route=\/wp\/v2\/pages\/20","targetHints":{"allow":["GET"]}}],"collection":[{"href":"https:\/\/pl-gr-business-gala.gr\/index.php?rest_route=\/wp\/v2\/pages"}],"about":[{"href":"https:\/\/pl-gr-business-gala.gr\/index.php?rest_route=\/wp\/v2\/types\/page"}],"author":[{"embeddable":true,"href":"https:\/\/pl-gr-business-gala.gr\/index.php?rest_route=\/wp\/v2\/users\/1"}],"replies":[{"embeddable":true,"href":"https:\/\/pl-gr-business-gala.gr\/index.php?rest_route=%2Fwp%2Fv2%2Fcomments&post=20"}],"version-history":[{"count":16,"href":"https:\/\/pl-gr-business-gala.gr\/index.php?rest_route=\/wp\/v2\/pages\/20\/revisions"}],"predecessor-version":[{"id":165,"href":"https:\/\/pl-gr-business-gala.gr\/index.php?rest_route=\/wp\/v2\/pages\/20\/revisions\/165"}],"wp:attachment":[{"href":"https:\/\/pl-gr-business-gala.gr\/index.php?rest_route=%2Fwp%2Fv2%2Fmedia&parent=20"}],"curies":[{"name":"wp","href":"https:\/\/api.w.org\/{rel}","templated":true}]}}